{"id":1745,"date":"2023-07-27T05:36:32","date_gmt":"2023-07-27T05:36:32","guid":{"rendered":"https:\/\/legacy-charity.org\/?page_id=1745"},"modified":"2023-07-27T06:13:54","modified_gmt":"2023-07-27T06:13:54","slug":"testimonies","status":"publish","type":"page","link":"https:\/\/legacy-charity.org\/index.php\/testimonies\/","title":{"rendered":"Unsere ersten Absolventen der Sekundarschule: Nnaemeka und Amarachukwu"},"content":{"rendered":"\n<h2 class=\"wp-block-heading\">Unsere ersten Absolventen der Sekundarschule: Nnaemeka und Amarachukwu<\/h2>\n\n\n\n<div style=\"height:28px\" aria-hidden=\"true\" class=\"wp-block-spacer\"><\/div>\n\n\n\n<p>Nnaemekas gr\u00f6sster Wunsch war es, an die Universit\u00e4t zu gehen, und Amarachukwus Wunsch war es, die Schule f\u00fcr das Gastgewerbe zu besuchen und danach ihr eigenes Gastst\u00e4ttengewerbe zu gr\u00fcnden.<\/p>\n\n\n\n<div class=\"wp-block-group is-content-justification-center is-nowrap is-layout-flex wp-container-core-group-is-layout-94bc23d7 wp-block-group-is-layout-flex\">\n<figure class=\"wp-block-image size-full\"><img loading=\"lazy\" decoding=\"async\" width=\"300\" height=\"400\" src=\"https:\/\/legacy-charity.org\/wp-content\/uploads\/2023\/07\/Nnaemeka-e1690438110374.jpg\" alt=\"\" class=\"wp-image-1741\" srcset=\"https:\/\/legacy-charity.org\/wp-content\/uploads\/2023\/07\/Nnaemeka-e1690438110374.jpg 300w, https:\/\/legacy-charity.org\/wp-content\/uploads\/2023\/07\/Nnaemeka-e1690438110374-225x300.jpg 225w, https:\/\/legacy-charity.org\/wp-content\/uploads\/2023\/07\/Nnaemeka-e1690438110374-18x24.jpg 18w, https:\/\/legacy-charity.org\/wp-content\/uploads\/2023\/07\/Nnaemeka-e1690438110374-27x36.jpg 27w, https:\/\/legacy-charity.org\/wp-content\/uploads\/2023\/07\/Nnaemeka-e1690438110374-36x48.jpg 36w\" sizes=\"auto, (max-width: 300px) 100vw, 300px\" \/><\/figure>\n\n\n\n<figure class=\"wp-block-image size-full\"><img loading=\"lazy\" decoding=\"async\" width=\"300\" height=\"555\" src=\"https:\/\/legacy-charity.org\/wp-content\/uploads\/2023\/07\/Amarachukwu-e1690438047877.jpg\" alt=\"\" class=\"wp-image-1740\" srcset=\"https:\/\/legacy-charity.org\/wp-content\/uploads\/2023\/07\/Amarachukwu-e1690438047877.jpg 300w, https:\/\/legacy-charity.org\/wp-content\/uploads\/2023\/07\/Amarachukwu-e1690438047877-162x300.jpg 162w, https:\/\/legacy-charity.org\/wp-content\/uploads\/2023\/07\/Amarachukwu-e1690438047877-13x24.jpg 13w, https:\/\/legacy-charity.org\/wp-content\/uploads\/2023\/07\/Amarachukwu-e1690438047877-19x36.jpg 19w, https:\/\/legacy-charity.org\/wp-content\/uploads\/2023\/07\/Amarachukwu-e1690438047877-26x48.jpg 26w\" sizes=\"auto, (max-width: 300px) 100vw, 300px\" \/><\/figure>\n<\/div>\n\n\n\n<p>Wir freuen uns, euch mitteilen zu k\u00f6nnen, dass Nnaemeka im ersten Studienjahr an der AWKA-Universit\u00e4t im Bundesstaat Anambra ist.<br>Amarachukwu wird schon bald ihre Ausbildung im Bereich Catering beginnen.<\/p>\n\n\n\n<div style=\"height:6px\" aria-hidden=\"true\" class=\"wp-block-spacer\"><\/div>\n\n\n\n<p>Danke, dass Du Teil dieser lebensver\u00e4ndernden Geschichte warst!<\/p>\n","protected":false},"excerpt":{"rendered":"<p>Unsere ersten Absolventen der Sekundarschule: Nnaemeka und Amarachukwu Nnaemekas gr\u00f6sster Wunsch war es, an die Universit\u00e4t zu gehen, und Amarachukwus Wunsch war es, die Schule f\u00fcr das Gastgewerbe zu besuchen [&hellip;]<\/p>\n","protected":false},"author":1,"featured_media":0,"parent":0,"menu_order":0,"comment_status":"closed","ping_status":"closed","template":"","meta":{"ngg_post_thumbnail":0,"footnotes":""},"class_list":["post-1745","page","type-page","status-publish","hentry"],"_links":{"self":[{"href":"https:\/\/legacy-charity.org\/index.php\/wp-json\/wp\/v2\/pages\/1745","targetHints":{"allow":["GET"]}}],"collection":[{"href":"https:\/\/legacy-charity.org\/index.php\/wp-json\/wp\/v2\/pages"}],"about":[{"href":"https:\/\/legacy-charity.org\/index.php\/wp-json\/wp\/v2\/types\/page"}],"author":[{"embeddable":true,"href":"https:\/\/legacy-charity.org\/index.php\/wp-json\/wp\/v2\/users\/1"}],"replies":[{"embeddable":true,"href":"https:\/\/legacy-charity.org\/index.php\/wp-json\/wp\/v2\/comments?post=1745"}],"version-history":[{"count":11,"href":"https:\/\/legacy-charity.org\/index.php\/wp-json\/wp\/v2\/pages\/1745\/revisions"}],"predecessor-version":[{"id":1774,"href":"https:\/\/legacy-charity.org\/index.php\/wp-json\/wp\/v2\/pages\/1745\/revisions\/1774"}],"wp:attachment":[{"href":"https:\/\/legacy-charity.org\/index.php\/wp-json\/wp\/v2\/media?parent=1745"}],"curies":[{"name":"wp","href":"https:\/\/api.w.org\/{rel}","templated":true}]}}